ided by 88?
10
What is the remainder when 172688 is divided by 40?
8
Calculate the remainder when 448 is divided by 12.
4
What is the remainder when 121641 is divided by 124?
121
Calculate the remainder when 6093 is divided by 1489.
137
Calculate the remainder when 51909 is divided by 44.
33
What is the remainder when 123249 is divided by 425?
424
Calculate the remainder when 75027 is divided by 359.
355
Calculate the remainder when 220690 is divided by 152.
138
What is the remainder when 14270 is divided by 25?
20
Calculate the remainder when 1892 is divided by 616.
44
Calculate the remainder when 123061 is divided by 15382.
5
Calculate the remainder when 1105 is divided by 181.
19
What is the remainder when 3830 is divided by 664?
510
Calculate the remainder when 29389 is divided by 29379.
10
Calculate the remainder when 305797 is divided by 477.
40
What is the remainder when 6557 is divided by 545?
17
What is the remainder when 410089 is divided by 163?
144
What is the remainder when 21415 is divided by 80?
55
What is the remainder when 3214 is divided by 2283?
931
What is the remainder when 5645 is divided by 348?
77
Calculate the remainder when 3052 is divided by 59.
43
What is the remainder when 54667 is divided by 355?
352
What is the remainder when 25635 is divided by 694?
651
Calculate the remainder when 53948 is divided by 76.
64
What is the remainder when 41463 is divided by 1382?
3
Calculate the remainder when 39984 is divided by 339.
321
What is the remainder when 30776 is divided by 37?
29
What is the remainder when 283262 is divided by 283260?
2
Calculate the remainder when 74785 is divided by 135.
130
What is the remainder when 15310 is divided by 15305?
5
What is the remainder when 5561 is divided by 2661?
239
Calculate the remainder when 8758315 is divided by 38.
37
Calculate the remainder when 2861859 is divided by 20.
19
Calculate the remainder when 141485 is divided by 269.
260
Calculate the remainder when 68879 is divided by 120.
119
What is the remainder when 13172 is divided by 3289?
16
What is the remainder when 2208 is divided by 539?
52
What is the remainder when 2257 is divided by 282?
1
What is the remainder when 6686 is divided by 1667?
18
What is the remainder when 155743 is divided by 728?
679
Calculate the remainder when 441477 is divided by 849.
846
What is the remainder when 17373 is divided by 238?
237
What is the remainder when 19329 is divided by 82?
59
Calculate the remainder when 1173 is divided by 193.
15
What is the remainder when 95375 is divided by 109?
0
Calculate the remainder when 204 is divided by 6.
0
Calculate the remainder when 314421 is divided by 25.
21
What is the remainder when 225684 is divided by 8680?
4
What is the remainder when 14650 is divided by 36?
34
Calculate the remainder when 727929 is divided by 363962.
5
Calculate the remainder when 1266 is divided by 111.
45
What is the remainder when 2021455 is divided by 59?
56
Calculate the remainder when 14695 is divided by 7337.
21
Calculate the remainder when 12285 is divided by 2454.
15
Calculate the remainder when 12612 is divided by 38.
34
What is the remainder when 14702 is divided by 4673?
683
Calculate the remainder when 48049 is divided by 29.
25
Calculate the remainder when 8348 is divided by 79.
53
Calculate the remainder when 17521 is divided by 42.
7
Calculate the remainder when 595895 is divided by 84.
83
What is the remainder when 62876 is divided by 32?
28
What is the remainder when 1544 is divided by 274?
174
What is the remainder when 556 is divided by 241?
74
Calculate the remainder when 272 is divided by 35.
27
What is the remainder when 360124 is divided by 755?
744
What is the remainder when 4987 is divided by 2361?
265
Calculate the remainder when 5707 is divided by 1417.
39
What is the remainder when 1772 is divided by 427?
64
What is the remainder when 20797 is divided by 1149?
115
Calculate the remainder when 17362 is divided by 17342.
20
Calculate the remainder when 358044 is divided by 3315.
24
What is the remainder when 2767 is divided by 576?
463
What is the remainder when 262197 is divided by 69?
66
What is the remainder when 379 is divided by 143?
93
Calculate the remainder when 165 is divided by 94.
71
Calculate the remainder when 5976 is divided by 1419.
300
Calculate the remainder when 13954 is divided by 862.
162
Calculate the remainder when 7305 is divided by 901.
97
What is the remainder when 5401 is divided by 17?
12
Calculate the remainder when 23324 is divided by 41.
36
What is the remainder when 712937 is divided by 517?
511
Calculate the remainder when 60696 is divided by 1266.
1194
Calculate the remainder when 34738 is divided by 11494.
256
Calculate the remainder when 4369 is divided by 19.
18
Calculate the remainder when 680 is divided by 590.
90
Calculate the remainder when 4109 is divided by 371.
28
What is the remainder when 35181 is divided by 34869?
312
What is the remainder when 91153 is divided by 894?
859
What is the remainder when 354549 is divided by 51?
48
What is the remainder when 174483 is divided by 656?
643
Calculate the remainder when 63664 is divided by 22.
18
Calculate the remainder when 457 is divided by 95.
77
Calculate the remainder when 1569 is divided by 376.
65
What is the remainder when 9557 is divided by 3166?
59
Calculate the remainder when 125026 is divided by 19.
6
Calculate the remainder when 1706 is divided by 1685.
21
What is the remainder when 78181 is divided by 97?
96
What is the remainder when 10852 is divided by 2651?
248
Calculate the remainder when 38671 is divided by 68.
47
Calculate the remainder when 8063 is divided by 63.
62
Calculate the remainder when 42866 is divided by 397.
387
What is the remainder when 3454 is divided by 21?
10
What is the remainder when 967 is divided by 409?
149
What is the remainder when 59843 is divided by 4601?
30
What is the remainder when 65574 is divided by 1149?
81
Calculate the remainder when 47613 is divided by 1827.
111
What is the remainder when 8422 is divided by 768?
742
Calculate the remainder when 345284 is divided by 132.
104
What is the remainder when 33791 is divided by 131?
124
Calculate the remainder when 15581 is divided by 203.
153
What is the remainder when 5374 is divided by 358?
4
Calculate the remainder when 7710 is divided by 1154.
786
What is the remainder when 72292 is divided by 72269?
23
Calculate the remainder when 66352 is divided by 163.
11
Calculate the remainder when 144925 is divided by 4.
1
Calculate the remainder when 45204 is divided by 23.
9
What is the remainder when 13337 is divided by 142?
131
Calculate the remainder when 7261 is divided by 658.
23
Calculate the remainder when 1281 is divided by 1272.
9
Calculate the remainder when 3562 is divided by 1136.
154
What is the remainder when 2722 is divided by 248?
242
Calculate the remainder when 33837 is divided by 19.
17
Calculate the remainder when 4347973 is divided by 337.
336
What is the remainder when 444786 is divided by 148259?
9
Calculate the remainder when 221851 is divided by 148.
147
Calculate the remainder when 466 is divided by 274.
192
Calculate the remainder when 144467 is divided by 672.
659
Calculate the remainder when 10148 is divided by 9055.
1093
What is the remainder when 42224 is divided by 469?
14
What is the remainder when 23989 is divided by 1092?
1057
Calculate the remainder when 34652 is divided by 27.
11
What is the remainder when 105124 is divided by 146?
4
Calculate the remainder when 53012 is divided by 12.
8
What is the remainder when 2535 is divided by 627?
27
Calculate the remainder when 4901 is divided by 1099.
505
What is the remainder when 20179 is divided by 84?
19
What is the remainder when 606797 is divided by 100?
97
Calculate the remainder when 5520 is divided by 591.
201
What is the remainder when 109107 is divided by 91?
89
Calculate the remainder when 1277723 is divided by 574.
573
Calculate the remainder when 1924156 is divided by 23.
22
Calculate the remainder when 425422 is divided by 29.
21
What is the remainder when 40164 is divided by 259?
19
Calculate the remainder when 171925 is divided by 8.
5
Calculate the remainder when 1776371 is divided by 109.
107
What is the remainder w